{"id":744,"date":"2020-07-03T11:36:03","date_gmt":"2020-07-03T09:36:03","guid":{"rendered":"https:\/\/www.uawg.online\/x\/?page_id=744"},"modified":"2023-11-09T14:38:29","modified_gmt":"2023-11-09T13:38:29","slug":"datenschutz","status":"publish","type":"page","link":"https:\/\/www.uawg.online\/x\/datenschutz\/","title":{"rendered":"Datenschutz"},"content":{"rendered":"\t\t<div data-elementor-type=\"wp-page\" data-elementor-id=\"744\" class=\"elementor elementor-744\" data-elementor-post-type=\"page\">\n\t\t\t\t\t\t<section class=\"elementor-section elementor-top-section elementor-element elementor-element-12a1dca elementor-section-boxed elementor-section-height-default elementor-section-height-default\" data-id=\"12a1dca\" data-element_type=\"section\">\n\t\t\t\t\t\t<div class=\"elementor-container elementor-column-gap-default\">\n\t\t\t\t\t<div class=\"elementor-column elementor-col-100 elementor-top-column elementor-element elementor-element-0232a02\" data-id=\"0232a02\" data-element_type=\"column\">\n\t\t\t<div class=\"elementor-widget-wrap elementor-element-populated\">\n\t\t\t\t\t\t<div class=\"elementor-element elementor-element-562ef0a elementor-widget elementor-widget-heading\" data-id=\"562ef0a\" data-element_type=\"widget\" data-widget_type=\"heading.default\">\n\t\t\t\t<div class=\"elementor-widget-container\">\n\t\t\t<h2 class=\"elementor-heading-title elementor-size-default\">Datenschutz<\/h2>\t\t<\/div>\n\t\t\t\t<\/div>\n\t\t\t\t\t<\/div>\n\t\t<\/div>\n\t\t\t\t\t<\/div>\n\t\t<\/section>\n\t\t\t\t<section class=\"elementor-section elementor-top-section elementor-element elementor-element-0f73d51 elementor-section-stretched elementor-section-boxed elementor-section-height-default elementor-section-height-default\" data-id=\"0f73d51\" data-element_type=\"section\" data-settings=\"{&quot;stretch_section&quot;:&quot;section-stretched&quot;,&quot;background_background&quot;:&quot;classic&quot;}\">\n\t\t\t\t\t\t<div class=\"elementor-container elementor-column-gap-default\">\n\t\t\t\t\t<div class=\"elementor-column elementor-col-100 elementor-top-column elementor-element elementor-element-50e9d13\" data-id=\"50e9d13\" data-element_type=\"column\">\n\t\t\t<div class=\"elementor-widget-wrap elementor-element-populated\">\n\t\t\t\t\t\t<div class=\"elementor-element elementor-element-0e65b73 elementor-widget elementor-widget-text-editor\" data-id=\"0e65b73\" data-element_type=\"widget\" data-widget_type=\"text-editor.default\">\n\t\t\t\t<div class=\"elementor-widget-container\">\n\t\t\t\t\t\t\t<p class=\"intro\">Wir verarbeiten Ihre Daten ausschlie\u00dflich auf Grundlage der gesetzlichen Bestimmungen (DSGVO). Diese Datenschutzerkl\u00e4rung informiert Sie \u00fcber die wichtigsten Punkte der Datenverarbeitung im Rahmen unserer Website.<\/p>\n<div class=\"contact-form\">\n<div class=\"row text-center\">\n<div class=\"contact-form-inner col-md-8 col-sm-12 col-xs-12 col-md-offset-2 col-sm-offset-0 xs-offset-0\">\n<h4>KONTAKT MIT UNS<\/h4>\n<p>Wenn Sie via Website oder per E-Mail Kontakt mit uns aufnehmen, werden Ihre angegebenen Daten zwecks Bearbeitung der Anfrage sechs Monate bei uns gespeichert.<\/p>\n<p>Daten, die wir im Falle eines Gesch\u00e4ftsabschlusses zur Rechnungslegung ben\u00f6tigen, bewahren wir bis zum Ablauf der gesetzlichen Frist auf.<\/p>\n<p>Schicken wir Newsletter aus, k\u00f6nnen Sie sich jederzeit davon abmelden.<\/p>\n<h4>WEBSITE<\/h4>\n<p>Unsere Website verwendet sogenannte Cookies. Das sind kleine Textdateien, die mit Hilfe des Browsers auf Ihrem Endgera\u0308t abgelegt werden und keinen Schaden anrichten.<\/p>\n<p>Einige Cookies bleiben auf Ihrem Endger\u00e4t gespeichert, bis Sie diese l\u00f6schen. Sie erm\u00f6glichen es uns, Ihren Browser beim na\u0308chsten Besuch wiederzuerkennen.<\/p>\n<p>Wenn Sie dies nicht w\u00fcnschen, so k\u00f6nnen Sie Ihren Browser so einrichten, dass er Sie \u00fcber das Setzen von Cookies informiert und Sie dies nur im Einzelfall erlauben.<\/p>\n<p>Die Deaktivierung von Cookies kann die Funktionalit\u00e4t unserer Website einschr\u00e4nken.<\/p>\n<h4><span style=\"font-size: 2.2rem;\">DATENSICHERHEIT<\/span><br><\/h4>\n<p>Wenn Sie mit Hilfe unserer Website ein Anmeldeformular erstellen, geschieht dies in einem durch Passwort gesch\u00fctzten Bereich. Je st\u00e4rker Ihr Passwort, umso unwahrscheinlicher ist ein unberechtigter Zugriff.<\/p>\n<p>Daten, die beim Absenden eines ausgef\u00fcllten Formulars \u00fcbermittelt werden, werden verschl\u00fcsselt gesendet. Ein Best\u00e4tigungsmail ergeht an den Absender und an die von Ihnen angegebene Email-Adresse.<\/p>\n<p>Weiters werden die Daten auf einem Server im EU-Raum bei einem Auftragsverarbeiter gespeichert. Sie k\u00f6nnen diese Daten im passwortgesch\u00fctzten Backend-Bereich lesen, bearbeiten und l\u00f6schen. 30 Tage nach Ablauf Ihrer Veranstaltung werden diese Daten unwiederbringlich vom Server gel\u00f6scht. Bis zu diesem Zeitpunkt stellen wir Ihnen eine Downloadm\u00f6glichkeit (csv) zur Verf\u00fcgung. Expliziter Hinweis: Das Risiko der Datensicherheit auf Ihrem Rechner liegt bei Ihnen.<\/p>\n<h4>SICHERHEITSHINWEIS ZUR FORMULARGESTALTUNG<\/h4>\n<p>Unser flexibles Tool erm\u00f6glicht es, Fragen jeder Art in Ihr Formular einzubauen. Trotz Verschl\u00fcsselung bei der \u00dcbertragung raten wir dringend davon ab, sensible Daten (Religionsbekenntnis, Sozialversicherungsdaten, Parteizugeh\u00f6rigkeit usw.) zu erheben.<\/p>\n<\/div>\n<\/div>\n<\/div>\t\t\t\t\t\t<\/div>\n\t\t\t\t<\/div>\n\t\t\t\t<div class=\"elementor-element elementor-element-f0fe208 elementor-button-warning elementor-widget elementor-widget-button\" data-id=\"f0fe208\" data-element_type=\"widget\" data-widget_type=\"button.default\">\n\t\t\t\t<div class=\"elementor-widget-container\">\n\t\t\t\t\t<div class=\"elementor-button-wrapper\">\n\t\t\t<a class=\"elementor-button elementor-button-link elementor-size-sm\" href=\"https:\/\/www.uawg.online\/x\/\">\n\t\t\t\t\t\t<span class=\"elementor-button-content-wrapper\">\n\t\t\t\t\t\t\t\t\t<span class=\"elementor-button-text\">zur\u00fcck zu uawg.online<\/span>\n\t\t\t\t\t<\/span>\n\t\t\t\t\t<\/a>\n\t\t<\/div>\n\t\t\t\t<\/div>\n\t\t\t\t<\/div>\n\t\t\t\t\t<\/div>\n\t\t<\/div>\n\t\t\t\t\t<\/div>\n\t\t<\/section>\n\t\t\t\t<\/div>\n\t\t","protected":false},"excerpt":{"rendered":"<p>Datenschutz Wir verarbeiten Ihre Daten ausschlie\u00dflich auf Grundlage der gesetzlichen Bestimmungen (DSGVO). Diese Datenschutzerkl\u00e4rung informiert Sie \u00fcber die wichtigsten Punkte der Datenverarbeitung im Rahmen unserer Website. KONTAKT MIT UNS Wenn Sie via Website oder per E-Mail Kontakt mit uns aufnehmen, werden Ihre angegebenen Daten zwecks Bearbeitung der Anfrage sechs Monate bei uns gespeichert. Daten, die [&hellip;]<\/p>\n","protected":false},"author":3,"featured_media":0,"parent":0,"menu_order":0,"comment_status":"closed","ping_status":"closed","template":"","meta":{"footnotes":""},"class_list":["post-744","page","type-page","status-publish","hentry","wpbf-post"],"_links":{"self":[{"href":"https:\/\/www.uawg.online\/x\/wp-json\/wp\/v2\/pages\/744","targetHints":{"allow":["GET"]}}],"collection":[{"href":"https:\/\/www.uawg.online\/x\/wp-json\/wp\/v2\/pages"}],"about":[{"href":"https:\/\/www.uawg.online\/x\/wp-json\/wp\/v2\/types\/page"}],"author":[{"embeddable":true,"href":"https:\/\/www.uawg.online\/x\/wp-json\/wp\/v2\/users\/3"}],"replies":[{"embeddable":true,"href":"https:\/\/www.uawg.online\/x\/wp-json\/wp\/v2\/comments?post=744"}],"version-history":[{"count":17,"href":"https:\/\/www.uawg.online\/x\/wp-json\/wp\/v2\/pages\/744\/revisions"}],"predecessor-version":[{"id":9675,"href":"https:\/\/www.uawg.online\/x\/wp-json\/wp\/v2\/pages\/744\/revisions\/9675"}],"wp:attachment":[{"href":"https:\/\/www.uawg.online\/x\/wp-json\/wp\/v2\/media?parent=744"}],"curies":[{"name":"wp","href":"https:\/\/api.w.org\/{rel}","templated":true}]}}